**2 - o - 2. What is the remainder when 897 is divided by j(-2)?
17
Let g be (-4)/(-14) - 130/14. Let j = 0 - g. Calculate the remainder when 1*-1 + (j - -11) is divided by 7.
5
Let c(y) = y**3 + 8*y**2 + 2*y + 1. Let r be c(-3). Let w be (23 - -1) + (3 - 3). Calculate the remainder when w/(-32)*r/(-2) is divided by 4.
3
Suppose 5*j + 236 = 9*j. What is the remainder when j is divided by 24?
11
Let z(t) = -5*t + 148. What is the remainder when 87 is divided by z(26)?
15
Let j(i) be the second derivative of -3/4*i**4 + 2*i + 0 - 2*i**3 - 1/20*i**5 - 6*i**2. What is the remainder when 57 is divided by j(-8)?
17
Suppose 15*x - 107 = 208. Calculate the remainder when x is divided by 6.
3
Suppose 0 = -15*k + 14*k + 44. Suppose -s + 3*o + o + 39 = 0, -s = -5*o - k. What is the remainder when s is divided by 4?
3
Let r = 5 - 1. Suppose -r*g + 41 = -11. Suppose 4*v - 34 = 114. What is the remainder when v is divided by g?
11
Let i = -8 + 10. Let y(p) = -2*p - i + 2*p**2 - 3 + 4. Calculate the remainder when 5 is divided by y(2).
2
Let k = 240 - -41. Let y = k - 192. What is the remainder when y is divided by 10?
9
Let k be (-4)/(-6)*171/6. Let d = k - 4. Calculate the remainder when (-10)/d + 286/6 is divided by 25.
22
Suppose 3*p - 91 = -34. What is the remainder when 112 is divided by p?
17
Suppose 2088 = 159*n + 1290 - 3654. Calculate the remainder when (-78)/(-1) - (2 - 4) is divided by n.
24
Let q be 21/6 + -4 + 219/(-6). Let h = -35 - q. What is the remainder when h is divided by 2?
0
Let i(c) = -5*c - 13. Let q be i(-5). Let f = 6 - q. What is the remainder when f/7*(-4 - 3) is divided by 2?
0
Let j = 3 + 187. What is the remainder when j is divided by 12?
10
Suppose 50 = d - 5*k, -4*d + 2*k + 72 = -164. Let g = d - -53. What is the remainder when g is divided by 29?
26
Let b(z) = z**3 + 26*z**2 + 23*z - 24. What is the remainder when 352 is divided by b(-25)?
14
Suppose -13*s - 20*s + 264 = 0. Calculate the remainder when 678 is divided by s.
6
Let y(z) = -3*z**3 + 8*z**2 + 2*z - 3. Let j(d) = 7*d**3 - 16*d**2 - 3*d + 7. Let s(a) = 4*j(a) + 9*y(a). What is the remainder when 15 is divided by s(-7)?
7
Suppose -5*i + 2*v = -201 - 32, v - 1 = 0. Let h = 2116 - 2104. What is the remainder when i is divided by h?
11
Suppose 2*a - 2*y = 12, -4*a + 2*y = -30 + 8. Suppose 0*c - 70 = -5*c. What is the remainder when c is divided by a?
4
Suppose -2*p = -5*o, 3*o + 28 = -2*p + o. Let g = p - -27. Calculate the remainder when 118 is divided by g.
16
Let u(a) = -a**2 - 47*a + 96. Calculate the remainder when u(-48) is divided by 7.
6
Let r(w) be the first derivative of -w**3/3 + 12*w + 12. Let x be r(4). What is the remainder when 57 is divided by x/(-22) + (-2398)/(-121)?
17
Let d = -242 + 519. Calculate the remainder when d is divided by 40.
37
Calculate the remainder when 375 is divided by 128/(-3)*((-171)/(-6))/(-19).
55
Suppose 0 = 53*k - 969 - 2370. Calculate the remainder when 181 is divided by k.
55
Suppose 5 = -2*q + 3*h + 3, -6 = -4*q + h. Suppose -5*r = -q*f - 243, -r - 4*f + 51 = -2*f. Let y = 10 + 3. Calculate the remainder when r is divided by y.
10
Let h(d) be the first derivative of d**3/3 + 5*d**2/2 + 3*d + 3. Let z(n) = n**3 + 19*n**2 - 2*n - 29. What is the remainder when h(-7) is divided by z(-19)?
8
What is the remainder when ((-1662)/48)/((-2)/16) is divided by 37?
18
Let f(t) = t**3 + 8*t**2 + 6*t - 18. Let a be f(-7). Let p = a - -25. Calculate the remainder when 80 is divided by p.
10
Suppose 523 = 10*s + 513. What is the remainder when 10 is divided by s?
0
Let j(r) = 5*r**2 - 28*r + 18. Let h be j(8). Suppose 0 = -h*y + 107*y + 476. Calculate the remainder when y is divided by 23.
22
Let v(g) = -15*g + 19. What is the remainder when 184 is divided by v(0)?
13
Let w(p) = -3*p - 2*p**2 - 84*p**3 - 2 - 82*p**3 + 167*p**3 - 1. Let z = -5 + 9. What is the remainder when 49 is divided by w(z)?
15
Let b(z) = -2*z**2 + 44*z - 20. What is the remainder when 194 is divided by b(19)?
6
Suppose -76 = 3*j - 5*j. Let d be ((-6)/(-5))/((-33)/1540). Let f = 69 + d. Calculate the remainder when j is divided by f.
12
Let b(w) = w. Let t(v) = v**2 + 17*v - 7. What is the remainder when t(-19) is divided by b(9)?
4
Let r(o) = -o - 4. Let i be r(-15). Let f(p) = -1 + 0 + 16 + 6 - p. Calculate the remainder when f(i) is divided by 6.
4
Suppose 4*m = 4*v + 708, -545 - 167 = -4*m + 2*v. What is the remainder when m is divided by 90?
89
Suppose -3*u - 1320 = -5*c, 2*u - 5 - 5 = 0. Calculate the remainder when c is divided by 45.
42
Let m(b) = -5*b + 60. Let n be m(11). Let d(o) be the first derivative of o**2/2 + 15*o + 1. Calculate the remainder when d(n) is divided by 7.
6
Suppose -5*a + 88 = -y + 4*y, 2*y = 5*a + 42. Let x(o) = 2*o**2 + 343*o + 4222. Calculate the remainder when x(-13) is divided by y.
23
Suppose -y + 1 = -2, 3*y - 7 = -n. Let g be (1*-1)/((-16)/(-32)). Calculate the remainder when 35 is divided by (1 + g)/n*18.
8
Suppose -4*n - w + 2*w + 1019 = 0, -8*n + 2053 = w. Calculate the remainder when n is divided by 26.
22
Let c = 5 + 82. What is the remainder when c is divided by 10?
7
Let z = 685 - 478. Calculate the remainder when z is divided by 15.
12
Let b = -92 - -225. Calculate the remainder when b is divided by 37.
22
Suppose 0*f + 4*f = -2*y + 32, 30 = 4*f + y. Suppose -v + 30 = 5*o, 4*v - 2*o - 3*o - 70 = 0. Calculate the remainder when v is divided by f.
6
Suppose 26 = 3*b + o - 5*o, 4*o = 5*b - 46. Suppose 0 = n - 3 + b. Calculate the remainder when 59 is divided by (-14)/(-49) - 103/n.
14
Let g(r) = -r**3 + 12*r**2 - 11*r. Let b be g(11). Let s(v) = -2*v - 5. What is the remainder when 74/(b + -1 - -3) is divided by s(-9)?
11
Suppose -3*i + 5*r + 209 = 0, i - 6*i - 2*r + 307 = 0. Suppose -2*s + 157 = 3*s + 2*q, i = 2*s + q. Calculate the remainder when s is divided by 16.
15
Calculate the remainder when 97 + (-33 - -5)/(-7) is divided by 8.
5
Suppose 3*f = 4*c - 79, -f + 113 = -7*c + 12*c. What is the remainder when 86 is divided by c?
20
Suppose l + 8 - 18 = 0. Suppose l*p - 138 = -18. Calculate the remainder when 35 is divided by p.
11
Let v(w) = -w**3 + 7*w**2 - 7*w - 2. Let d be v(6). Calculate the remainder when 11 is divided by (-47)/(-5) - d/(-20).
2
Let q(f) = f**2 - 3*f + 4. Suppose 4*o - 11 = 13. What is the remainder when q(o) is divided by (-3 + -1)*(5 - 7)?
6
Let t(h) = 30*h + 1. What is the remainder when t(2) is divided by ((-16)/3)/(-12 + (-140)/(-12))?
13
Let z = -15 - -27. Let r(v) = -v**3 + 10 + v**2 - 14*v + 5*v**3 - 3*v**3. Calculate the remainder when r(4) is divided by z.
10
Suppose 32*h = -3*h + 910. Let w(p) = 36*p + 9. Let y(v) = 18*v + 4. Let g(a) = -3*w(a) + 5*y(a). What is the remainder when g(-6) is divided by h?
23
What is the remainder when 44 is divided by (-4 + (-27)/6)*-2?
10
Let f(r) = -38*r + 24. Calculate the remainder when f(-10) is divided by 15.
14
Let d(y) = 12*y**3 + y**2 + 8*y - 1. Let g(p) = -p**3 - 2*p. Let u(k) = -d(k) - 4*g(k). What is the remainder when (-31)/(-2) + (-2)/4 is divided by u(-1)?
7
Let k(a) = -8*a**2 - 54*a - 3. What is the remainder when k(-3) is divided by 11?
10
Let x = 170 - 165. Suppose -980 = -4*b + 4*k, x*b + 5*k = 3*b + 476. What is the remainder when b is divided by 49?
47
Let v(n) = 3*n**2 + 3 - 11*n - 4*n**2 + 22*n. Let c(i) = -10*i - 3. Let u(x) = -5*c(x) - 4*v(x). Calculate the remainder when u(-4) is divided by 11.
10
Suppose 3*r + 6 = 5*r. Suppose -2*t + 0*t - 34 = -r*x, -x + 3*t = -16. Suppose -v + 4*k + 21 = 0, 5*k + 1 + 4 = 0. What is the remainder when v is divided by x?
7
Let h(n) = n**3 + 12*n**2 - 13*n - 10. Let z be h(-13). Calculate the remainder when 71 is divided by -1*(-25)/(-10)*z.
21
Suppose 5*d - 3*h - 28 = 0, 0 = 3*d + h - 9 - 5. Suppose 54 = 3*a - 3*t, -2*t - t + 6 = a. Let u = 19 - a. What is the remainder when d is divided by u?
1
Suppose 3*d - 28 = 26. Let p = -341 + 376. Calculate the remainder when p is divided by d.
17
Suppose -3*i + 120 = -5*i. Let f = 100 + i. Calculate the remainder when f is divided by (-1)/(13 + (-366)/28).
12
Suppose 0 = -u - h - 0*h + 17, -5*u + 2*h + 99 = 0. Let g = -10 + u. What is the remainder when 23 is divided by g?
5
Let g(t) = t**3 - 9*t**2 + 5*t - 9. Let o be g(5). Let c = o + 106. Calculate